4 + 5 + -1).
5
What is (-14 - -19 - 0) + (-9 - 0)?
-4
What is -3 + 8 - (0 + -6 + 8)?
3
0 - ((0 - 1 - -2) + 6)
-7
Evaluate -4 - (1 - (-6 - (-7 - 0))).
-4
What is -2 + 5 - (12 + (-2 - 3))?
-4
Calculate 0 - ((7 - 11) + -1 + 7).
-2
Evaluate 6 + (-8 + 6 - (6 - 0)).
-2
What is -4 - -3 - ((3 - -5) + -9)?
0
Calculate -1 + -2 - (10 - 12).
-1
What is the value of -4 - (-1 + 7) - -14?
4
What is (-2 - -2) + (17 + -4 - 12)?
1
Calculate 2 - -2 - (0 - (-14 + 9)).
-1
What is 1 - 2 - (3 - 0 - -1)?
-5
(-2 + 4 - (4 - -3)) + 1
-4
(-8 - (-5 - 10)) + -6
1
What is the value of (3 - -6) + 14 + -7 + -10?
6
Evaluate 2 + -4 - (-7 - -8).
-3
What is the value of -4 + 0 + (-3 - -5 - 1)?
-3
Evaluate 6 + -7 - (-1 + -3).
3
Calculate -6 - ((6 - (-2 - -5)) + -8).
-1
What is -18 + 13 - (-11 - (-5 + 3))?
4
What is the value of (-3 + -5 - -4) + 6?
2
What is the value of (1 - 0 - -6 - -1) + 3?
11
What is the value of -2 - (13 + -4 - 8)?
-3
What is the value of 2 - (-4 + 9 + -4)?
1
What is the value of -4 + 5 + 0 - -6?
7
4 - (-1 - (2 - -4 - 9))
2
-1 - (6 + -12 + -5)
10
Calculate -3 - (-2 + -4 + 3).
0
Calculate (1 - -2) + (-26 - -15).
-8
Evaluate 4 - ((4 - -2) + -2 + 2).
-2
Evaluate 1 - ((-4 + 9 - 3) + -4).
3
What is the value of -3 + 10 + -6 + 4?
5
What is the value of (-1 - (3 + -13)) + -4?
5
Calculate -3 + (-6 - -18) - (2 - 0).
7
What is (-9 - (12 - 6)) + 4 + 4?
-7
What is the value of 2 - (8 + -1) - (30 - 34)?
-1
Calculate -8 - 3 - (-28 + 20).
-3
Calculate (-3 - -6) + -8 + 6.
1
Evaluate 6 + 8 + (-11 - (-2 + -3)).
8
Evaluate (-1 - (0 - -4 - 5)) + -3.
-3
Calculate 1 - (-6 + 8) - 8.
-9
Evaluate (1 - 4) + 99 + -97.
-1
Calculate 6 - (4 + -7 + 5).
4
Calculate (-5 - -7) + -3 + (-1 - -3).
1
Calculate -3 + 9 + -6 - (-2 + -1).
3
What is 8 - (10 - (-5 - -9))?
2
What is 2 + 1 - (2 + 3)?
-2
(-2 - -8 - 7) + 5
4
Evaluate 9 - (18 - (10 - 0)).
1
Evaluate 5 - 9 - (2 + -1).
-5
-2 + (3 - 11 - -5 - -6)
1
What is the value of -1 - -5 - (-2 - (-7 - -3))?
2
Evaluate 4 + (-6 - 3) + 12.
7
Calculate (-3 - (-1 + -4)) + 0.
2
Evaluate (-33 - -10) + 24 + (0 - -1).
2
What is -3 + (3 - -4) + -5?
-1
Calculate 0 + 0 - (-7 + 4).
3
Evaluate 0 - 3 - (51 - 55).
1
What is the value of -14 + 7 + (1 - -10) + 3?
7
Evaluate 19 + -17 + 3 + 0.
5
What is 1 + 3 + 48 + -56 + -4?
-8
What is 8 - 0 - (69 - 52)?
-9
Evaluate 18 - (14 - 2) - (-2 - -17).
-9
Evaluate 1 - (-3 + -4 - -3).
5
1 + -5 + 7 + -1
2
Evaluate 4 - (4 - (0 - 1)).
-1
What is the value of 2 - (-8 + (-5 - -6))?
9
(2 - -9) + -5 + (-3 - 0)
3
Evaluate -3 + (-4 - -12 - 4 - 2).
-1
What is -13 + (-1 - (2 + 8 + -14))?
-10
7 + 6 + -4 + -14
-5
Evaluate -4 - (6 + -2 + -14 - -5).
1
What is the value of -6 + 0 - (-38 + 37)?
-5
What is (9 + -5 - 1) + -9 + 3?
-3
What is the value of -72 - -68 - (-1 + 2)?
-5
What is -4 + (8 + -4 - -5)?
5
Evaluate 18 - 22 - (-1 + 2).
-5
What is 27 - 30 - (-5 - -1 - 2)?
3
Evaluate -3 + (12 - 8) + -5.
-4
Calculate (1 - -11) + -11 - (-2 - -1).
2
Calculate 21 - 22 - (3 + -4).
0
What is the value of -1 - ((7 - -5) + -4) - -5?
-4
Evaluate (3 + -9 - -6) + (2 - 2).
0
(4 - 0 - 1) + (-11 - -3)
-5
Evaluate 4 + -2 + 9 + -13 + 6.
4
5 - (-1 + -5) - 6
5
Calculate 6 - (1 - -3) - (5 - 3).
0
Evaluate -9 + 7 - (-6 - -3).
1
-5 - (5 + 1 - (-7 - -19))
1
What is (-7 - -12 - 2) + -4 - -5?
4
Evaluate (2 - 11) + 4 + 1 + 6.
2
Evaluate -15 + 9 + (-5 - -10 - -7).
6
What is -2 + 2 - (6 - 5 - 5)?
4
What is the value of (18 - 11) + -11 + 6?
2
Calculate 0 + 0 + (-12 + 8 - 1).
-5
What is -4 + 0 + 5 - 2 - -2?
1
What is 4 - (1 - (-2 - 0))?
1
3 + 5 + (-4 - 0)
4
Evaluate -4 + 8 - (2 + 4).
-2
(11 - 8) + -1 + 4
6
Evaluate 1 + 5 - 4 - 3.
-1
What is the value of -7 + 2 + 5 + (0 - 1)?
-1
Calculate (27 - 33) + 1 + 4.
-1
What is the value of -2 + 7 + -3 + -5 + 7?
4
What is the value of -8 + 1 - (0 + -4 + 2)?
-5
Evaluate 2 + 1 + -7 + (-3 - -7).
0
What is the value of 5 + -8 + (-5 + 3 - -8)?
3
What is 0 - (-2 + 0 + 0 + 2)?
0
What is the value of (3 - 1) + -1 + -4?
-3
What is the value of 7 - (1 + 3) - 3?
0
Calculate 2 - 2 - (-34 - -35).
-1
What is the value of (1 - 1) + -9 + 13?
4
Calculate -1 - 23 - (67 + -81).
-10
Evaluate 26 + -9 + -14 + (2 - 1).
4
What is the value of (-2 - -1) + 5 + -6 + 3?
1
What is -1 + (0 - -5 - -2)?
6
What is -1 + 1 - (-2 - 1)?
3
Evaluate -25 - -29 - (2 - (0 + 1)).
3
Evaluate (-13 - -9) + 0 + -2.
-6
What is -5 + (-11 - -1 - -15)?
0
Calculate (-5 - 0) + (2 - 3) - -2.
-4
What is 0 + (-3 - (2 - 7))?
2
What is 7 - 1 - (3 - 2)?
5
What is (7 - (-8 - -9)) + (-2 - 3)?
1
Evaluate (-16 - (10 + -23)) + 7.
4
Calculate -6 - -5 - 3 - -4.
0
Calculate (-1 - -5) + (-1 - -1).
4
1 - (6 + -5 + -1)
1
What is the value of 2 - (-6 + -12 + 11)?
9
What is (-4 - -4 - 9) + 7?
-2
What is 5 - (0 + 7 + 1)?
-3
Calculate (2 - 2 - (-18 - -10)) + -7.
1
Evaluate (-1 - -4) + (1 - (3 + 2)).
-1
-12 - -20 - (3 + 6)
-1
Evaluate -4 + (-14 + 9 - (0 + -8)).
-1
2 - -5 - 1 - 1
5
What is the value of 3 + (-6 - (-8 + 7))?
-2
49 + -47 - (0 - (-1 - -3))
4
What is the value of 6 - ((8 + -2 - 6) + 0)?
6
0 + 6 + (-6 - -2)
2
-3 - (-4 + -2 - 0) - -7
10
What is 3 + 4 + -8 - 1?
-2
What is -9 + 5 - (-11 - (1 - 1))?
7
Calculate 1 + -6 - (14 + -17).
-2
What is (-9 + 10 - -8) + -4?
5
What is 5 - (4 + (-7 - -3)) - 11?
-6
Evaluate 4 - (7 + 10 + -3 + -19).
9
Evaluate -3 + 8 + -8 - -7 - 8.
-4
What is the value of (3 - 4) + (-3 - -8) + -4?
0
Calculate 1 - (-1 - (-3 - -5)).
4
3 + 4 + (5 - 11)
1
Calculate (6 - 1) + -18 + 4.
-9
What is 6 - 7 - (3 + -2 + 0)?
-2
What is -1 + 2 + -3 + 2?
0
What is the value of -2 - -2 - (-6 - 0) - 2?
4
Calculate -9 - (12 + -3 - 19).
1
Calculate (3 - 5) + (9 - 2).
5
What is 6 + 0 - (-36 - -35)?
7
What is the value of -1 - (7 - 11 - -5) - -1?
-1
What is the value of -2 + 3 + (-7 - -2 - -5)?
1
What is the value of -3 + 3 + -7 - -11 - 7?
-3
Evaluate -2 - (4 + -4 + 1 + -2).
-1
What is the value of 1 + -3 + -2 + (13 - 6)?
3
Calculate 3 - (4 - -3 - (4 + 0)).
0
Calculate 1 + 9 + 3 + -13.
0
What is (-2 - (-1 - 4)) + -1 + -5?
-3
What is the value of -2 + (-4 - -3) - (-3 + -2)?
2
What is the value of 0 - (1 - 3) - 8?
-6
Evaluate -2 + (4 - 4) + (-7 - -12).
3
What is the value of 5 + -7 - (-1 - -3)?
-4
What is the value of 1 + 2 - (-14 + 23 + -9)?
3
Calculate (3 - 1) + 0 - (-177 + 177).
2
(-1 + 1 - -3) + 1 - -3
7
What is the value of (-1 + 0 - -11) + 10 + -12?
8
Calculate 1 + 4 + 6 + -13.
-2
What is the value of (-74 - -76) + (1 - 6) - 2?
-5
What is the value of -3 - (-3 - 1) - (-8 - -4)?
5
(-6 + 2 - (-8 + 5)) + 3
2
Evaluate (0 - 1) + (0 - -2) + -3.
-2
Calculate 4 - (5 + 2) - (-2 + 4).
-5
Evaluate -4 + (4 + -6 - -7).
1
What is (-8 + 1 - -4) + -3 + 1?
-5
Evaluate 0 + 2 + (-9 - -4).
-3
-6 + 11 + -7 - (-2 - -1)
-1
What is the value of -14 + 3 + -7 + 10?
-8
What is the value of (0 - -1 - -4) + -2?
3
Calculate (5 - 10) + 3 + (-1 - -1).
-2
(-15 - -8) + 1 + 2
-4
-3 - (-13 - -4) - 7
-1
Evaluate 2 - (5 + -6) - (2 - 2).
3
Evaluate -2 + (2 - -2) + (3 - 8).
-3
What is the value of (-3 + 8 - -7) + (-18 - -16)?
10
(4 + -8 - 6) + 4
-6
What is (10 - 7 - (2 + 0)) + 9?
10
(-6 - -11 - (3 + 1)) + 0
1
Calculate 11 - 7 - (6 + 2).
-4
Calculate 24 - 10 - 3 - 16.
-5
Calculate 2 + 0 + 0 + (52 - 51).
3
What is the value of 11 + -4 + -9 + (-1 - -11)?
8
Calculate 0 + 5 - (-2 - (-2 - 4)).
1
What is the value of 5 + -15 + (8 + 7 - 9)?
-4
Calculate -2 + (8 + -2 - 7).
-3
What is 3 + -7 + -1 - -2?
-3
What is 0 + 0 + 0 + -2?
-2
Evaluate (9 - 16 - 1) + 3 + 0.
-5
What is the value of -6 + 12 + (-9 - -3) + 8?
8
Calculate 3 + -15 + (14 - 1).
1
What is the value of -2 - ((3 - 2) + -5) - 3?
-1
What is (2 - 4) + -2 - (-16 + 8)?
4
What is the value of 1 - -1 - (-10 - -9 - -8)?
-5
What is 2 - (-5 + 9 - 10)?
8
Evaluate 0 + (-2 - (-5 + 5)).
-2
Calculate (10 - 7) + 0 + 1 + 0.
4
Evaluate 2 - (-3 + 1 + (-12 - -14)).
2
Calculate -1 + 1 + -2 + -30 + 34.
2
Evaluate (2 - 0 - (-2 + 5)) + 1.
0
Evaluate 0 - (1 + 8 + (11 - 15)).
-5
What is the value of -4 + -1 + (83 - 81)?
-3
Evaluate (12 + -22 - 4) + 7.
-7
Evaluate -7 - -8 - (-1 - -3).
-1
What is 7 + -17 + (6 - -4)?
0
What is the value of -5 + 10 + (-4 - -5) + -3?
3
What is the value of -13 + 10 - (2 + 1 + 2)?
-8
Calculate -10 + (-5 - 1 - -7).
-9
What is the value of (0 - (1 - -3)) + -1 - -4?
-1
Evaluate 6 - (1 - (1 - 2)).
4
4 - (8 - (-3 + 7) - 4)
4
What is the value of 18 + -26 - (0 - (1 - -2))?
-5
Calculate -3 + (-2 -